{"id":947,"date":"2024-03-13T11:07:39","date_gmt":"2024-03-13T10:07:39","guid":{"rendered":"https:\/\/www.geoproject.fr\/actions\/?page_id=947"},"modified":"2024-03-13T11:07:59","modified_gmt":"2024-03-13T10:07:59","slug":"a-propos","status":"publish","type":"page","link":"https:\/\/www.geoproject.fr\/actions\/a-propos\/","title":{"rendered":"A propos"},"content":{"rendered":"<p>L\u2019objectif principal du projet est de mettre en avant les activit\u00e9s des centres sociaux par le biais de leur responsable via des photos, des vid\u00e9os, des articles et des audios. Ce projet cible tout le d\u00e9partement du Gard afin d\u2019obtenir un maximum de visibilit\u00e9, mais seuls les responsables peuvent modifier le site.<\/p>\n","protected":false},"excerpt":{"rendered":"<p>L\u2019objectif principal du projet est de mettre en avant les activit\u00e9s des centres sociaux par le biais de leur responsable via des photos, des vid\u00e9os, des articles et des audios. Ce projet cible tout le d\u00e9partement du Gard afin d\u2019obtenir un maximum de visibilit\u00e9, mais seuls les responsables peuvent modifier le site.<\/p>\n","protected":false},"author":2,"featured_media":0,"parent":0,"menu_order":0,"comment_status":"closed","ping_status":"closed","template":"","meta":{"_ef_editorial_meta_date_first-draft-date":"","_ef_editorial_meta_paragraph_assignment":"","_ef_editorial_meta_checkbox_needs-photo":"","_ef_editorial_meta_number_word-count":"","_ef_editorial_meta_checkbox_video-necessaire":"","footnotes":""},"class_list":["post-947","page","type-page","status-publish","hentry"],"_links":{"self":[{"href":"https:\/\/www.geoproject.fr\/actions\/wp-json\/wp\/v2\/pages\/947","targetHints":{"allow":["GET"]}}],"collection":[{"href":"https:\/\/www.geoproject.fr\/actions\/wp-json\/wp\/v2\/pages"}],"about":[{"href":"https:\/\/www.geoproject.fr\/actions\/wp-json\/wp\/v2\/types\/page"}],"author":[{"embeddable":true,"href":"https:\/\/www.geoproject.fr\/actions\/wp-json\/wp\/v2\/users\/2"}],"replies":[{"embeddable":true,"href":"https:\/\/www.geoproject.fr\/actions\/wp-json\/wp\/v2\/comments?post=947"}],"version-history":[{"count":2,"href":"https:\/\/www.geoproject.fr\/actions\/wp-json\/wp\/v2\/pages\/947\/revisions"}],"predecessor-version":[{"id":949,"href":"https:\/\/www.geoproject.fr\/actions\/wp-json\/wp\/v2\/pages\/947\/revisions\/949"}],"wp:attachment":[{"href":"https:\/\/www.geoproject.fr\/actions\/wp-json\/wp\/v2\/media?parent=947"}],"curies":[{"name":"wp","href":"https:\/\/api.w.org\/{rel}","templated":true}]}}

<p>L’objectif principal du projet est de mettre en avant les activités des centres sociaux par le biais de leur responsable via des photos, des vidéos, des articles et des audios. Ce projet cible tout le département du Gard afin d’obtenir un maximum de visibilité, mais seuls les responsables peuvent modifier le site.</p>
